it of m?
1
Let u be ((-68)/10)/((-2)/40). Let r be 3/(-6) + ((-6300)/(-8))/(-9). Let a = u + r. What is the tens digit of a?
4
Let y = 86 - 20. Let m = y + -28. What is the units digit of m?
8
Suppose 29 = 28*h - 55. What is the units digit of h?
3
Suppose -4*d = -y - 113, 4*y - 8*y - 133 = -5*d. Suppose -4*q - 9 = -d. What is the units digit of q?
5
Suppose 5*o + 6*c - 7499 = 4*c, -o + 3*c + 1493 = 0. What is the units digit of o?
9
What is the tens digit of ((-3)/5)/(6*7/(-42630))?
0
Suppose -2*j + j + 250 = -f, -j - 256 = f. Suppose 84*v = 82*v + 112. What is the units digit of f/(-7) - 8/v?
6
Let j(b) = -70*b - 138. What is the hundreds digit of j(-12)?
7
Let b = -245 - -244. Let d be -7*3 + 0 + 1. What is the units digit of 20*(b + d/(-16))?
5
Let n(f) = f**2 - 7*f + 15. Let w be n(6). Suppose 6*g - w*g = -156. What is the tens digit of g?
5
Let k = -369 + 637. Suppose -9*c - k = -11*c. What is the tens digit of c?
3
Let z be -4 + 2 + 1 + 202. Suppose -3*o = 4*a - a - z, 5*o - 340 = -4*a. What is the tens digit of o?
7
Suppose -7*j = -17 - 18. Suppose -2*w + 227 = 5*m, -j*w + 581 = -2*m + m. What is the tens digit of w?
1
Suppose r = x + 2, -4*x + 19 = -0*x + 5*r. Let n(b) = 3*b**2 - 2*b + 1. Let p be n(x). Suppose 0 = 5*l - p*l - 6. What is the units digit of l?
2
What is the hundreds digit of -1 + 2 - (42 + -323)?
2
Let c = -29 + 32. Suppose -2*r - c*r = -340. What is the tens digit of r?
6
Suppose 0 = c - 15. Let d = c - 8. Suppose 2*w - d*w = -245. What is the tens digit of w?
4
Let s = -378 + 1366. Suppose 5*c = -2*f + s, f - 412 = -2*c - 16. Suppose 0 = -6*g + 2*g + c. What is the units digit of g?
9
Let p(g) = 2*g**2 - 14 + 6*g + 10 - 13. What is the tens digit of p(-11)?
5
Suppose -a - v - 10 + 3 = 0, 0 = -3*a - v - 23. Let s(g) = -g**2 - 10*g + 6. Let r be s(a). Suppose 3*z = -6, d - r = 3*z + 4. What is the tens digit of d?
2
Suppose 0 = s - 2 - 22. Let k = s - 40. Let o = k + 31. What is the tens digit of o?
1
Let d = 0 + 2. Let z(l) = -l**2 + d*l + 2*l**2 - 5 + 3*l**2 - 3*l**2. What is the units digit of z(-4)?
3
Let u(r) = -2*r + 0*r + r**2 - 4*r + 6 - 2*r**2. Let x be u(-6). Let w = 8 - x. What is the units digit of w?
2
Let g(l) = 17*l**2 + 2*l - 13. Let d be g(4). Suppose 189 = 3*z - 3*b, -b = 2*z + 2*z - d. What is the tens digit of z?
6
Let i = 54 - 50. Suppose -i*z + 41 + 19 = 0. What is the tens digit of z?
1
Suppose -4 = -2*x, -3*x = 3*w - 4*w - 6. Suppose 2*l + 4*d = 4, 4*l - 4*d + 2 = 5*l. Suppose w = -2*k + 4, -l*p + 82 = -5*k - 0*k. What is the units digit of p?
6
Suppose 0 = 3*x + 2*r - 995, 14 = -2*r + 4. What is the hundreds digit of x?
3
Suppose 2*z + 34 = 2*g, 4*g - 59 = g - z. Let n(l) = l**2 - 11*l - 19. What is the hundreds digit of n(g)?
1
Suppose 3*z - 5*q = 21, 3*z + 2*q - 6 = 15. Let o(n) = n**3 - 2*n**2 - 2*n - 9. What is the tens digit of o(z)?
2
Suppose 0 = -2*o - 4*v + 1066, 17*o - 12*o - 2717 = 3*v. What is the units digit of o?
1
Suppose 180 = 2*z - 3*o, 4*o = -5*z + 2*o + 488. Suppose -2*a = -z - 154. What is the hundreds digit of a?
1
What is the units digit of 5973/88 + 9 + 1/8?
7
Let k = -1548 + 993. Let r = -369 - k. What is the tens digit of r?
8
Let t = -23 - -25. Let i be 3*(t - (-28)/(-12)). What is the tens digit of ((-66)/(-8))/(i/(-4))?
3
Let l(p) be the first derivative of 2*p**2 + 16*p + 7. What is the tens digit of l(0)?
1
Let b be 1 + 0 + -2 - 5. Let u be 574/6 - 2/b. Suppose 0 = -r - 3*r + u. What is the units digit of r?
4
Let k = -30 - -124. What is the tens digit of k?
9
Let z = 28 - 31. What is the units digit of 6*(z - 68/(-8))?
3
Let q be 5/(10/(-8))*-5. Let s be 9/((-64)/q + 3). What is the tens digit of 36/s - (-64)/5?
1
Let w(g) = g**2 - 2*g + 2. Let l be w(2). Let n(i) = 7*i**2 + i + 2. What is the tens digit of n(l)?
3
Let a(b) = 297*b**2 + 29*b - 74. What is the units digit of a(3)?
6
Suppose 66*y = 80*y - 37394. What is the tens digit of y?
7
Suppose -u = -31 + 17. Suppose -u*n = -18*n + 12. What is the units digit of n?
3
Let t = -1518 - -3992. What is the hundreds digit of t?
4
Let b = 21 + 119. Let r = b + -106. What is the tens digit of r?
3
Let v = -38 - -436. What is the hundreds digit of v?
3
What is the tens digit of (10/(90/(-18621)))/(-4 + 3)?
6
Let w be (-1)/((-1)/(2*(-9)/(-6))). Suppose 2*d - 23 = -w*x + 18, -5*d = 3*x - 35. What is the units digit of x?
5
What is the units digit of ((-8628)/8)/((-39)/104)?
6
Let c(t) = -6*t - 19. Let w be c(-5). Suppose -5*b + v + w = -b, 0 = 4*b + v - 13. Let j(u) = 5*u**2 + 2*u + 2. What is the units digit of j(b)?
3
Suppose 33*u = 37*u - 8. Suppose -4*y + 4*b - u*b = -456, y - 111 = 2*b. What is the units digit of y?
5
Let u(r) = 60*r**3 + 2*r**2 - 2*r + 1. Let b be u(1). Let j = -38 + b. Let s = j - 3. What is the tens digit of s?
2
Let p(j) = -6*j - 10. Let q(s) = 6*s + 10. Let r(d) = -3*p(d) - 4*q(d). Let z(x) = -8*x + 167. Let v be z(22). What is the units digit of r(v)?
4
Suppose -17*x = -14*x. Let t(z) = z - 2*z - z + z**3 + 32 + 23. What is the tens digit of t(x)?
5
Suppose 4*p - 13 - 27 = 0. Let y(t) = -t**3 + 12*t**2 - 15*t. Let d be y(p). Suppose i + 4*i = d. What is the units digit of i?
0
Suppose -121615 = 49*v - 322564. What is the tens digit of v?
0
Let v be (-87)/12 + 4 - (-3)/(-4). What is the tens digit of -1 + v/(-8)*122?
6
Suppose -11 = 5*d - 3*d - 5*y, 5*y - 15 = 0. What is the tens digit of ((-7)/(-14))/(d/724)?
8
Let o be (-5 - -2) + 255/1. Let x = o + -180. What is the units digit of x?
2
Suppose 0 = s - u - 7, 3*u = s - 10 - 5. What is the tens digit of (1 - -99) + -3 - s?
9
Let s = -6 + 13. Suppose -73 = s*j - 514. What is the units digit of j?
3
Let u = 900 + -559. What is the hundreds digit of u?
3
Suppose -5*c + 1403 = 203. Suppose 4*u + c = -u. Let a = u + 68. What is the units digit of a?
0
Let o(c) = 9*c**2 + 10*c - 70. What is the thousands digit of o(16)?
2
Let x = -1814 - -2904. What is the units digit of x?
0
Suppose 4*s - 28 = 5*y, 2*s + 3*s = -3*y - 2. Suppose 3*b = -s*b + 575. What is the tens digit of b?
1
Let p(f) = -f**3 - 2*f**2 + f - 1. Let c(o) = 2*o - 31. Let x be c(13). What is the units digit of p(x)?
9
Let v = 129 - 44. Suppose 2*r - 2*w - v = r, 4*w = r - 75. What is the units digit of r?
5
Suppose 3*n - g = 11, 4*g - 33 + 13 = -4*n. Suppose n*u + 4*d - 208 = 0, 5*u + 5*d - 254 = 6*d. What is the units digit of u?
1
Let r = 66 - 118. What is the tens digit of 2914/13 + 3 - (-8)/r?
2
Suppose 1358*u + 2307 = 1359*u. What is the units digit of u?
7
Suppose 30 = 99*l - 94*l. Suppose -65 + 335 = l*r. What is the tens digit of r?
4
Let w = 976 - 152. What is the units digit of w?
4
Suppose 4*v - 12 = 2*v. Let d be 30/(-75) - v/10. What is the units digit of (d/(-1))/(2/28)?
4
Let v(g) = -8*g - 13. What is the hundreds digit of v(-23)?
1
Suppose -12 = -2*n - 0*n. Let k(f) = -f - 19. Let v(w) = -w - 20. Let a(i) = -6*k(i) + 5*v(i). What is the tens digit of a(n)?
2
Suppose 329*n + 1600 = 333*n. What is the units digit of n?
0
Let l(t) = -2*t + 3. Let w be l(-2). Let d be 6/w*(-7)/(-2). Suppose -264 = -r - d*r. What is the units digit of r?
6
Suppose -3*x - 416 - 2050 = -5*r, -5*r + 2460 = -5*x. What is the hundreds digit of r?
4
Suppose 11*n - 702 = 5*n. Suppose -7*b = -947 - n. What is the hundreds digit of b?
1
Let c = 123 - -241. What is the hundreds digit of c?
3
Let d be 1/(-4) - 58/(-8). Let v = d - 12. Let s = 10 - v. What is the tens digit of s?
1
Let t be (2/(-2))/((-2)/(-8)). Let w(p) = -p**3 - 4*p**2 + 5. Let l be w(t). What is the units digit of (l/(-2))/(11/(-22))?
5
What is the hundreds digit of ((-1352)/(-130))/((-2)/(-55))?
2
Let c(p) = -18*p**3 - 7*p**2 - 11*p - 3. What is the hundreds digit of c(-4)?
0
Let k be (-3)/(-2)*744/18. Let v = k + -24. Suppose -5*r + v = -2*j, 3*r - 6 = -0*r - 3*j. What is the units digit of r?
6
Suppose 15 = 5*v + 5*z - 2*z, 4*v = 4*z + 12. Let d be -1 + -6 - (v - 3). What is the units digit of (-2)/d - (-40)/7?
6
Let m(j) = -8*j**3 - 3*j**2 - 2*j + 5. Let h be m(-3). What is the units digit of h/30 - 4/6?
6
Let c(u) = -u**3 + 4*u**2 - 5*u + 6. Let h(y) = 2*y**3 - 7*y**2 + 10*y - 12. Let j(x) = 5*c(x) + 3*h(x). What is the tens digit of j(3)?
2
Let q = 385 - 2. What is the hundreds digit of q?
3
Suppose 5*t - 2*x + 0*x + 170 = 